{"id":96,"date":"2017-02-15T21:07:53","date_gmt":"2017-02-15T20:07:53","guid":{"rendered":"http:\/\/tomtak.de\/?page_id=96"},"modified":"2020-04-03T21:21:59","modified_gmt":"2020-04-03T19:21:59","slug":"jolandolo-vom-birkenschwamm","status":"publish","type":"page","link":"https:\/\/tomtak.de\/index.php\/jolandolo-vom-birkenschwamm\/","title":{"rendered":"Jolandolo vom Birkenschwamm"},"content":{"rendered":"\n<h2><br>Tandaradey &#8211; Willkommen im virtuellen Mittelalter!<br><br><\/h2>\n\n\n\n<p style=\"color:#666a6e\" class=\"has-text-color\">Jolandolo vom Birkenschwamm ist seit 2004 als Gaukler, Narr, Geschichtenerz\u00e4hler und Fahnenschwinger im fr\u00fchen Sp\u00e4tmittelalter unterwegs. <\/p>\n\n\n\n<p style=\"color:#666a6e\" class=\"has-text-color\">Seitdem hat er f\u00fcr gro\u00dfe und kleine, junge und alte, viele und wenige ungef\u00e4hr 2000 Shows gespielt.<\/p>\n\n\n\n<figure class=\"wp-block-gallery aligncenter columns-2 is-cropped\"><ul class=\"blocks-gallery-grid\"><li class=\"blocks-gallery-item\"><figure><img loading=\"lazy\" width=\"1500\" height=\"2250\" src=\"http:\/\/tomtak.de\/wp-content\/uploads\/2018\/12\/Ortenburg2018_14-e1544450597329.jpg\" alt=\"\" data-id=\"404\" data-full-url=\"http:\/\/tomtak.de\/wp-content\/uploads\/2018\/12\/Ortenburg2018_14-e1544450597329.jpg\" data-link=\"http:\/\/tomtak.de\/index.php\/jolandolo-vom-birkenschwamm\/ortenburg2018_14\/\" class=\"wp-image-404\"\/><\/figure><\/li><li class=\"blocks-gallery-item\"><figure><img loading=\"lazy\" width=\"1500\" height=\"2250\" src=\"http:\/\/tomtak.de\/wp-content\/uploads\/2018\/12\/Ortenburg2018_37-e1544450867987.jpg\" alt=\"\" data-id=\"406\" data-full-url=\"http:\/\/tomtak.de\/wp-content\/uploads\/2018\/12\/Ortenburg2018_37-e1544450867987.jpg\" data-link=\"http:\/\/tomtak.de\/index.php\/jolandolo-vom-birkenschwamm\/ortenburg2018_37\/\" class=\"wp-image-406\"\/><\/figure><\/li><\/ul><\/figure>\n\n\n\n<p style=\"color:#666a6e\" class=\"has-text-color\">Improvisation und Interaktion mit den Menschen, Musik, Zauberei, Wortwitz und ausgefeilte Jonglagen sind Teile seiner Darbietungen, gew\u00fcrzt mit einer kr\u00e4ftigen Prise Wahnsinn.<\/p>\n\n\n\n<figure class=\"wp-block-image size-large\"><img loading=\"lazy\" width=\"1024\" height=\"683\" src=\"http:\/\/tomtak.de\/wp-content\/uploads\/2018\/12\/JolandoloBackstage-1024x683.jpg\" alt=\"\" class=\"wp-image-363\"\/><\/figure>\n\n\n\n<p style=\"color:#666a6e\" class=\"has-text-color\">Und f\u00fcr besonders brenzlige Situationen hat er auch BENZIN dabei. Sein Spiel: Stets spontan und mit den Leuten. Sein Motto: Den Menschen ein Lachen ins Herz zu zaubern.<\/p>\n\n\n<p><\/p>\n<p><img loading=\"lazy\" class=\"alignnone size-full wp-image-355\" src=\"http:\/\/tomtak.de\/wp-content\/uploads\/2018\/12\/JolandoloBackstage_21-e1544441037523.jpg\" alt=\"\" width=\"2000\" height=\"1360\" srcset=\"https:\/\/tomtak.de\/wp-content\/uploads\/2018\/12\/JolandoloBackstage_21-e1544441037523.jpg 2000w, https:\/\/tomtak.de\/wp-content\/uploads\/2018\/12\/JolandoloBackstage_21-e1544441037523-300x204.jpg 300w, https:\/\/tomtak.de\/wp-content\/uploads\/2018\/12\/JolandoloBackstage_21-e1544441037523-768x522.jpg 768w, https:\/\/tomtak.de\/wp-content\/uploads\/2018\/12\/JolandoloBackstage_21-e1544441037523-1024x696.jpg 1024w\" sizes=\"(max-width: 767px) 89vw, (max-width: 1000px) 54vw, (max-width: 1071px) 543px, 580px\" \/><\/p>\n<p><img loading=\"lazy\" class=\"size-full wp-image-186\" src=\"http:\/\/tomtak.de\/wp-content\/uploads\/2017\/02\/Jolandolo-Entengeschichte.jpg\" alt=\"\" width=\"3008\" height=\"2000\" srcset=\"https:\/\/tomtak.de\/wp-content\/uploads\/2017\/02\/Jolandolo-Entengeschichte.jpg 3008w, https:\/\/tomtak.de\/wp-content\/uploads\/2017\/02\/Jolandolo-Entengeschichte-300x199.jpg 300w, https:\/\/tomtak.de\/wp-content\/uploads\/2017\/02\/Jolandolo-Entengeschichte-768x511.jpg 768w, https:\/\/tomtak.de\/wp-content\/uploads\/2017\/02\/Jolandolo-Entengeschichte-1024x681.jpg 1024w\" sizes=\"(max-width: 767px) 89vw, (max-width: 1000px) 54vw, (max-width: 1071px) 543px, 580px\" \/><\/p>\n<p><img loading=\"lazy\" class=\"alignnone size-full wp-image-407\" src=\"http:\/\/tomtak.de\/wp-content\/uploads\/2018\/12\/Ortenburg2018_40-e1544451013693.jpg\" alt=\"\" width=\"1500\" height=\"1125\"><\/p>\n<p><img loading=\"lazy\" class=\"size-full wp-image-187\" src=\"http:\/\/tomtak.de\/wp-content\/uploads\/2017\/02\/JolandoloEntenfurz.jpg\" alt=\"\" width=\"2445\" height=\"1601\" srcset=\"https:\/\/tomtak.de\/wp-content\/uploads\/2017\/02\/JolandoloEntenfurz.jpg 2445w, https:\/\/tomtak.de\/wp-content\/uploads\/2017\/02\/JolandoloEntenfurz-300x196.jpg 300w, https:\/\/tomtak.de\/wp-content\/uploads\/2017\/02\/JolandoloEntenfurz-768x503.jpg 768w, https:\/\/tomtak.de\/wp-content\/uploads\/2017\/02\/JolandoloEntenfurz-1024x671.jpg 1024w\" sizes=\"(max-width: 767px) 89vw, (max-width: 1000px) 54vw, (max-width: 1071px) 543px, 580px\" \/><\/p>\n<p><img loading=\"lazy\" class=\"size-full wp-image-188\" src=\"http:\/\/tomtak.de\/wp-content\/uploads\/2017\/02\/PolenFakeln.jpg\" alt=\"\" width=\"3008\" height=\"2000\" srcset=\"https:\/\/tomtak.de\/wp-content\/uploads\/2017\/02\/PolenFakeln.jpg 3008w, https:\/\/tomtak.de\/wp-content\/uploads\/2017\/02\/PolenFakeln-300x199.jpg 300w, https:\/\/tomtak.de\/wp-content\/uploads\/2017\/02\/PolenFakeln-768x511.jpg 768w, https:\/\/tomtak.de\/wp-content\/uploads\/2017\/02\/PolenFakeln-1024x681.jpg 1024w\" sizes=\"(max-width: 767px) 89vw, (max-width: 1000px) 54vw, (max-width: 1071px) 543px, 580px\" \/><\/p>\n\n\n<p><\/p>\n\n\n\n<figure class=\"wp-block-gallery aligncenter columns-2 is-cropped\"><ul class=\"blocks-gallery-grid\"><li class=\"blocks-gallery-item\"><figure><a href=\"http:\/\/tomtak.de\/wp-content\/uploads\/2018\/12\/Ortenburg2018_19-683x1024.jpg\"><img loading=\"lazy\" width=\"683\" height=\"1024\" src=\"http:\/\/tomtak.de\/wp-content\/uploads\/2018\/12\/Ortenburg2018_19-683x1024.jpg\" alt=\"\" data-id=\"405\" data-link=\"http:\/\/tomtak.de\/index.php\/jolandolo-vom-birkenschwamm\/ortenburg2018_19\/\" class=\"wp-image-405\"\/><\/a><\/figure><\/li><li class=\"blocks-gallery-item\"><figure><a href=\"http:\/\/tomtak.de\/wp-content\/uploads\/2018\/12\/JolandoloBackstage_20-683x1024.jpg\"><img loading=\"lazy\" width=\"683\" height=\"1024\" src=\"http:\/\/tomtak.de\/wp-content\/uploads\/2018\/12\/JolandoloBackstage_20-683x1024.jpg\" alt=\"\" data-id=\"376\" data-link=\"http:\/\/tomtak.de\/jolandolobackstage_20\/\" class=\"wp-image-376\"\/><\/a><\/figure><\/li><li class=\"blocks-gallery-item\"><figure><a href=\"http:\/\/tomtak.de\/wp-content\/uploads\/2018\/12\/JolandoloBackstage_13-1024x768.jpg\"><img loading=\"lazy\" width=\"1024\" height=\"768\" src=\"http:\/\/tomtak.de\/wp-content\/uploads\/2018\/12\/JolandoloBackstage_13-1024x768.jpg\" alt=\"\" data-id=\"373\" data-link=\"http:\/\/tomtak.de\/jolandolobackstage_13\/\" class=\"wp-image-373\"\/><\/a><\/figure><\/li><\/ul><\/figure>\n\n\n\n<p><\/p>\n","protected":false},"excerpt":{"rendered":"<p>Tandaradey &#8211; Willkommen im virtuellen Mittelalter! Jolandolo vom Birkenschwamm ist seit 2004 als Gaukler, Narr, Geschichtenerz\u00e4hler und Fahnenschwinger im fr\u00fchen Sp\u00e4tmittelalter unterwegs. Seitdem hat er f\u00fcr gro\u00dfe und kleine, junge und alte, viele und wenige ungef\u00e4hr 2000 Shows gespielt. Improvisation und Interaktion mit den Menschen, Musik, Zauberei, Wortwitz und ausgefeilte Jonglagen sind Teile seiner Darbietungen, &hellip; <\/p>\n<p class=\"link-more\"><a href=\"https:\/\/tomtak.de\/index.php\/jolandolo-vom-birkenschwamm\/\" class=\"more-link\"><span class=\"screen-reader-text\">\u201eJolandolo vom Birkenschwamm\u201c<\/span> weiterlesen<\/a><\/p>\n","protected":false},"author":1,"featured_media":179,"parent":0,"menu_order":0,"comment_status":"closed","ping_status":"closed","template":"","meta":[],"_links":{"self":[{"href":"https:\/\/tomtak.de\/index.php\/wp-json\/wp\/v2\/pages\/96"}],"collection":[{"href":"https:\/\/tomtak.de\/index.php\/wp-json\/wp\/v2\/pages"}],"about":[{"href":"https:\/\/tomtak.de\/index.php\/wp-json\/wp\/v2\/types\/page"}],"author":[{"embeddable":true,"href":"https:\/\/tomtak.de\/index.php\/wp-json\/wp\/v2\/users\/1"}],"replies":[{"embeddable":true,"href":"https:\/\/tomtak.de\/index.php\/wp-json\/wp\/v2\/comments?post=96"}],"version-history":[{"count":30,"href":"https:\/\/tomtak.de\/index.php\/wp-json\/wp\/v2\/pages\/96\/revisions"}],"predecessor-version":[{"id":616,"href":"https:\/\/tomtak.de\/index.php\/wp-json\/wp\/v2\/pages\/96\/revisions\/616"}],"wp:featuredmedia":[{"embeddable":true,"href":"https:\/\/tomtak.de\/index.php\/wp-json\/wp\/v2\/media\/179"}],"wp:attachment":[{"href":"https:\/\/tomtak.de\/index.php\/wp-json\/wp\/v2\/media?parent=96"}],"curies":[{"name":"wp","href":"https:\/\/api.w.org\/{rel}","templated":true}]}}